is the hundreds digit of 647291681?
6
What is the millions digit of 16444380?
6
What is the tens digit of 290216357?
5
What is the millions digit of 1294634735?
4
What is the millions digit of 2142296455?
2
What is the thousands digit of 65830510?
0
What is the hundred millions digit of 160230738?
1
What is the ten millions digit of 120483749?
2
What is the ten millions digit of 25897540?
2
What is the units digit of 46623710?
0
What is the hundreds digit of 13784715?
7
What is the thousands digit of 102176883?
6
What is the hundreds digit of 40447305?
3
What is the thousands digit of 24566916?
6
What is the hundred thousands digit of 1141143671?
1
What is the thousands digit of 319236311?
6
What is the ten millions digit of 154523487?
5
What is the hundred thousands digit of 47632356?
6
What is the thousands digit of 5220548840?
8
What is the thousands digit of 2285663980?
3
What is the ten thousands digit of 780062762?
6
What is the millions digit of 125857938?
5
What is the thousands digit of 46299366?
9
What is the ten thousands digit of 461311268?
1
What is the ten thousands digit of 26311563?
1
What is the hundred thousands digit of 2434027211?
0
What is the hundreds digit of 11606743?
7
What is the thousands digit of 47901793?
1
What is the thousands digit of 722322599?
2
What is the units digit of 141145877?
7
What is the millions digit of 88846249?
8
What is the hundreds digit of 13692598?
5
What is the ten thousands digit of 96644133?
4
What is the millions digit of 351381125?
1
What is the tens digit of 4698926760?
6
What is the ten thousands digit of 3835047978?
4
What is the hundreds digit of 121639877?
8
What is the tens digit of 488576041?
4
What is the hundreds digit of 551845267?
2
What is the hundred millions digit of 190572855?
1
What is the millions digit of 279057654?
9
What is the hundreds digit of 51075676?
6
What is the hundreds digit of 2086440895?
8
What is the units digit of 17082097?
7
What is the tens digit of 323132384?
8
What is the thousands digit of 29760589?
0
What is the thousands digit of 38456007?
6
What is the millions digit of 23098641?
3
What is the ten thousands digit of 700227551?
2
What is the ten millions digit of 158663525?
5
What is the ten millions digit of 20723879?
2
What is the units digit of 151754524?
4
What is the thousands digit of 22486639?
6
What is the ten millions digit of 534346125?
3
What is the hundred millions digit of 2284644514?
2
What is the hundreds digit of 252947917?
9
What is the ten thousands digit of 151350651?
5
What is the hundred millions digit of 1038947704?
0
What is the tens digit of 3581806778?
7
What is the tens digit of 1457637900?
0
What is the hundred thousands digit of 26271200?
2
What is the hundred millions digit of 1472979422?
4
What is the thousands digit of 115538366?
8
What is the tens digit of 74054767?
6
What is the hundreds digit of 49469763?
7
What is the tens digit of 447579936?
3
What is the thousands digit of 2319453082?
3
What is the tens digit of 1464585670?
7
What is the units digit of 95114307?
7
What is the hundreds digit of 56595605?
6
What is the thousands digit of 310248115?
8
What is the millions digit of 1270104063?
0
What is the thousands digit of 45741413?
1
What is the hundreds digit of 1274941502?
5
What is the ten millions digit of 257042108?
5
What is the ten millions digit of 66192347?
6
What is the ten millions digit of 49217034?
4
What is the tens digit of 856390567?
6
What is the hundred thousands digit of 37288357?
2
What is the millions digit of 55184388?
5
What is the hundreds digit of 2624432831?
8
What is the millions digit of 274192554?
4
What is the tens digit of 809509977?
7
What is the hundred thousands digit of 773378463?
3
What is the hundred thousands digit of 1391883119?
8
What is the hundred thousands digit of 2924407934?
4
What is the hundred millions digit of 1475560800?
4
What is the thousands digit of 18835206?
5
What is the tens digit of 759969630?
3
What is the tens digit of 2201140352?
5
What is the hundred millions digit of 1088107517?
0
What is the hundred millions digit of 150826469?
1
What is the millions digit of 1825985119?
5
What is the hundreds digit of 45635258?
2
What is the tens digit of 383572365?
6
What is the tens digit of 14999509?
0
What is the tens digit of 16629526?
2
What is the hundreds digit of 44501810?
8
What is the millions digit of 52446631?
2
What is the hundreds digit of 1019940562?
5
What is the thousands digit of 185936076?
6
What is the hundreds digit of 1592249169?
1
What is the ten millions digit of 286293451?
8
What is the thousands digit of 3434301902?
1
What is the billions digit of 2450319199?
2
What is the millions digit of 367831381?
7
What is the ten thousands digit of 298612583?
1
What is the millions digit of 4672333090?
2
What is the ten thousands digit of 37768906?
6
What is the hundred thousands digit of 509514995?
5
What is the units digit of 15047028?
8
What is the billions digit of 2108977665?
2
What is the ten thousands digit of 5496402342?
0
What is the ten thousands digit of 860846282?
4
What is the ten thousands digit of 3574506?
7
What is the hundreds digit of 20596809?
8
What is the tens digit of 434839772?
7
What is the hundred thousands digit of 646405542?
4
What is the hundred millions digit of 4622377826?
6
What is the hundreds digit of 140778190?
1
What is the thousands digit of 8101961?
1
What is the millions digit of 22439900?
2
What is the hundreds digit of 665099686?
6
What is the thousands digit of 71828156?
8
What is the millions digit of 798635182?
8
What is the ten thousands digit of 1575528575?
2
What is the hundred thousands digit of 22659538?
6
What is the ten millions digit of 974270043?
7
What is the tens digit of 505379562?
6
What is the thousands digit of 944608301?
8
What is the ten thousands digit of 81314797?
1
What is the units digit of 79046001?
1
What is the billions digit of 4078378720?
4
What is the units digit of 341209272?
2
What is the units digit of 99035127?
7
What is the hundreds digit of 1667515414?
4
What is the hundred thousands digit of 1774399121?
3
What is the ten millions digit of 48788008?
4
What is the hundreds digit of 628352814?
8
What is the ten thousands digit of 274631856?
3
What is the thousands digit of 5718457?
8
What is the units digit of 102701620?
0
What is the millions digit of 21376993?
1
What is the tens digit of 22853403?
0
What is the tens digit of 500052764?
6
What is the hundred thousands digit of 2222340659?
3
What is the tens digit of 83930803?
0
What is the ten thousands digit of 93134078?
3
What is the millions digit of 34864079?
4
What is the millions digit of 432724747?
2
What is the units digit of 4700398?
8
What is the thousands digit of 20097856?
7
What is the millions digit of 1561258495?
1
What is the hundreds digit of 1056224100?
1
What is the thousands digit of 575453335?
3
What is the thousands digit of 1273039769?
9
What is the millions digit of 226024495?
6
What is the hundred thousands digit of 480879217?
8
What is the units digit of 231648780?
0
What is the tens digit of 317812623?
2
What is the tens digit of 111878701?
0
What is the thousands digit of 142923264?
3
What is the millions digit of 228723236?
8
What is the ten millions digit of 1462760735?
6
What is the hundred thousands digit of 606250968?
2
What is the hundred millions digit of 153983233?
1
What is the tens digit of 54309620?
2
What is the hundred millions digit of 967580465?
9
What is the thousands digit of 69343915?
3
What is the hundred thousands digit of 636390980?
3
What is the tens digit of 153037352?
5
What is the hundred millions digit of 443424031?
4
What is the millions digit of 2679113562?
9
What is the units digit of 99600662?
2
What is the billions digit of 1560690902?
1
What is the ten thousands digit of 211609302?
0
What is the thousands digit of 14933572?
3
What is the ten millions digit of 8067799737?
6
What is the millions digit of 321837455?
1
What is the hundred thousands digit of 229746928?
7
What is the tens digit of 964870130?
3
What is the thousands digit of 214988947?
8
What is the hundreds digit of 77433282?
2
What is the thousands digit of 125492484?
2
What is the hundreds digit of 2